r of 110956964?
False
Does 13 divide 5526824?
False
Is 148 a factor of 3411935612?
True
Does 128 divide 44126080?
True
Does 46 divide 1133506976?
True
Is 439884113 a multiple of 38?
False
Is 97010739 a multiple of 8?
False
Does 15 divide 525181664?
False
Is 2000 a factor of 15744000?
True
Does 1300 divide 14800500?
True
Does 178 divide 1090980690?
True
Is 314854530 a multiple of 7040?
False
Is 129 a factor of 2642917255?
False
Is 26 a factor of 182257011?
False
Does 328 divide 57780480?
True
Does 27 divide 29318625?
True
Is 1494 a factor of 10250334?
True
Is 1344875920 a multiple of 310?
False
Does 382 divide 1235501836?
True
Is 53 a factor of 119690567?
False
Is 199643945 a multiple of 21?
False
Is 1045 a factor of 269553570?
True
Does 29 divide 6093101289?
True
Does 9 divide 828880758?
True
Is 218689375 a multiple of 25?
True
Is 2636 a factor of 4093526116?
True
Is 8 a factor of 178922381?
False
Does 423 divide 12481001?
False
Is 50 a factor of 731169234?
False
Is 84 a factor of 46598076?
True
Is 530 a factor of 18813410?
True
Is 2 a factor of 5213503?
False
Does 24 divide 3984000?
True
Is 122 a factor of 17978042?
True
Is 88285860 a multiple of 2610?
True
Is 83538883 a multiple of 2810?
False
Is 3961519955 a multiple of 161?
False
Is 16566150 a multiple of 134?
False
Is 444 a factor of 1225738812?
True
Is 61 a factor of 173750576?
False
Is 211737300 a multiple of 20?
True
Is 11 a factor of 101741767?
False
Is 320282445 a multiple of 69?
False
Does 3808 divide 340066587?
False
Does 408 divide 453335252?
False
Is 221865310 a multiple of 1774?
True
Is 1956 a factor of 246698263?
False
Is 9023624 a multiple of 5?
False
Is 39 a factor of 21606270?
False
Is 16 a factor of 40431581?
False
Is 2986 a factor of 43112189?
False
Does 1791 divide 805228132?
False
Is 285 a factor of 516759741?
False
Is 487 a factor of 269061169?
True
Does 473 divide 37230303?
True
Is 359 a factor of 165815638?
True
Is 25319052 a multiple of 204?
True
Is 561 a factor of 301540457?
False
Does 14 divide 184621669?
False
Is 22335192 a multiple of 44?
True
Does 619 divide 40202162?
False
Is 67111200 a multiple of 120?
True
Is 319 a factor of 21064527?
True
Does 125 divide 1424201496?
False
Does 465 divide 455779050?
True
Does 2712 divide 180011712?
True
Does 850 divide 57551254?
False
Is 939320125 a multiple of 3397?
False
Is 790 a factor of 168123850?
True
Does 669 divide 355203543?
True
Is 74174623 a multiple of 311?
False
Is 97466400 a multiple of 100?
True
Does 1722 divide 344330753?
False
Is 661 a factor of 15569001?
False
Does 1260 divide 13778229?
False
Is 5283087 a multiple of 225?
False
Is 3036533 a multiple of 77?
False
Is 17524458 a multiple of 222?
True
Is 381371507 a multiple of 1669?
True
Does 9 divide 158695969?
False
Is 545970768 a multiple of 84?
True
Is 1022006726 a multiple of 36?
False
Is 5 a factor of 438633541?
False
Is 722 a factor of 345175204?
True
Is 30 a factor of 11333603?
False
Does 3362 divide 378399824?
True
Is 56844455 a multiple of 1032?
False
Does 2013 divide 31435008?
True
Is 300973910 a multiple of 3411?
False
Is 87 a factor of 242385473?
False
Is 10 a factor of 28656676?
False
Is 2678488621 a multiple of 27?
False
Does 5 divide 913652645?
True
Does 2189 divide 3372526630?
True
Is 84 a factor of 11596956?
True
Is 10 a factor of 66808762?
False
Is 78694262 a multiple of 1694?
False
Is 284 a factor of 547715015?
False
Is 16 a factor of 1653229?
False
Does 1994 divide 492457696?
False
Is 1183 a factor of 1397249581?
True
Does 291 divide 366125724?
True
Is 15 a factor of 28888995?
True
Is 139 a factor of 4853330?
False
Is 14 a factor of 708014608?
True
Is 22 a factor of 24541157?
False
Does 86 divide 2915228?
True
Does 642 divide 23983736?
False
Does 138 divide 12478098?
True
Does 9 divide 140928733?
False
Is 27510183 a multiple of 9?
True
Does 338 divide 199585072?
False
Does 34 divide 32294594?
True
Is 3730302171 a multiple of 9?
True
Is 9231070 a multiple of 38?
False
Is 6 a factor of 9296286?
True
Does 915 divide 17937092?
False
Does 8 divide 13789120?
True
Is 4776 a factor of 41961936?
True
Is 116718978 a multiple of 6?
True
Is 587 a factor of 3238686798?
True
Is 426983986 a multiple of 22?
True
Is 12952296 a multiple of 42?
True
Is 5 a factor of 231416129?
False
Is 74034241 a multiple of 8?
False
Does 4221 divide 313189758?
True
Does 8 divide 54333560?
True
Is 43 a factor of 43599076?
True
Is 50060969 a multiple of 4?
False
Is 609961018 a multiple of 202?
True
Is 7 a factor of 17416453?
False
Does 1683 divide 15693645?
False
Is 188645688 a multiple of 11?
True
Is 168 a factor of 31761565?
False
Is 1215687791 a multiple of 36?
False
Is 116 a factor of 63258164?
True
Is 247424350 a multiple of 10?
True
Is 24 a factor of 465650904?
True
Is 34851067 a multiple of 2246?
False
Does 44 divide 687439043?
False
Is 25254150 a multiple of 10?
True
Is 240 a factor of 5008513920?
True
Is 109138975 a multiple of 545?
True
Is 1859 a factor of 1879240792?
True
Is 17622360 a multiple of 20?
True
Is 124 a factor of 5096143135?
False
Does 3905 divide 86762564?
False
Is 13 a factor of 97848512?
False
Does 379 divide 1322728620?
False
Is 162 a factor of 1556090028?
True
Does 4 divide 7050439?
False
Is 1235337714 a multiple of 37?
False
Is 277479465 a multiple of 1246?
False
Is 222067100 a multiple of 50?
True
Is 91 a factor of 958748336?
True
Is 43475264 a multiple of 2968?
True
Does 72 divide 21037824?
True
Is 216148415 a multiple of 296?
False
Is 272 a factor of 48506616?
False
Is 5 a factor of 7255320?
True
Is 50505003 even?
False
Is 99907878 a multiple of 1734?
True
Does 348 divide 16145125?
False
Does 216 divide 6862335252?
False
Is 38 a factor of 204703573?
False
Is 69 a factor of 1086851995?
False
Is 16 a factor of 234179097?
False
Does 6 divide 429373136?
False
Does 3281 divide 779944745?
False
Does 104 divide 412017320?
True
Is 64 a factor of 48419776?
True
Is 16 a factor of 141658816?
True
Is 15 a factor of 334616055?
True
Is 39 a factor of 8263047?
True
Is 222 a factor of 17048396?
False
Does 572 divide 5732012?
True
Is 112 a factor of 861101?
False
Does 89 divide 1140736?
False
Is 10 a factor of 27760790?
True
Is 1700 a factor of 2769839663?
False
Is 374689860 a multiple of 106?
True
Is 345248650 a multiple of 11?
False
Is 2139904 a multiple of 26?
True
Does 1517 divide 261103006?
True
Does 133 divide 78593690?
True
Is 148702220 a multiple of 100?
False
Does 6 divide 1723385869?
False
Is 90 a factor of 226212959?
False
Does 12 divide 10570200?
True
Does 278 divide 99203740?
False
Does 143 divide 6256250?
True
Does 35 divide 217974225?
True
Is 841540177 a multiple of 33?
False
Does 563 divide 643038124?
False
Does 266 divide 159987562?
True
Is 48 a factor of 395040?
True
Does 24 divide 14304984?
True
Is 13558201 a multiple of 514?
False
Is 218 a factor of 77056896?
True
Is 14294524 a multiple of 6?
False
Is 1579 a factor of 508971702?
True
Is 4192372044 a multiple of 42?
True
Does 499 divide 346838954?
False
Is 15319354 a multiple of 19?
False
Is 1202 a factor of 15978186?
True
Is 280474918 a multiple of 91?
False
Does 27 divide 67268259?
True
Is 1628 a factor of 2185458080?
False
Is 77340256 a multiple of 23?
False
Is 1058065080 a multiple of 12?
True
Is 15322163 a multiple of 67?
True
Is 1179539520 a multiple of 120?
True
Is 309 a factor of 980459614?
False
Does 1502 divide 3395060103?
False
Does 245 divide 510685350?
True
Is 786233016 a multiple of 12?
True
Is 3273232 a multiple of 149?
True
Is 18698879 a multiple of 64?
False
Is 673177354 a multiple of 8?
False
Does 216 divide 28552176?
True
Is 54 a factor of 495220160?
False
Is 2333 a factor of 2042910734?
False
Is 820262 a multiple of 333?
False
Is 145 a factor of 50677658?
False
Is 4946368 a multiple of 362?
True
Does 507 divide 87488812?
False
Does 104 divide 15964832?
True
Does 10 divide 1901410669?
False
Does 1991 divide 463564750?
False
Is 111 a factor of 2071625967?
True
Is 56 a factor of 1225569800?
True
Is 59070906 a multiple of 43?
True
Does 2385 divide 849932977?
False
Does 23 divide 40172122?
True
Is 49678324 a multiple of 10?
False
Is 389 a factor of 641461?
True
Is 3224786236 a multiple of 68?
True
Is 33 a factor of 34713920?
False
Is 4734 a factor of 198189634?
False
Does 8